rs of 927.
3, 103
What are the prime factors of 446?
2, 223
List the prime factors of 2168.
2, 271
What are the prime factors of 56299?
56299
List the prime factors of 788.
2, 197
What are the prime factors of 657?
3, 73
What are the prime factors of 301?
7, 43
List the prime factors of 34725.
3, 5, 463
What are the prime factors of 185?
5, 37
List the prime factors of 33374.
2, 11, 37, 41
What are the prime factors of 50742?
2, 3, 2819
What are the prime factors of 29298?
2, 3, 19, 257
List the prime factors of 1066.
2, 13, 41
List the prime factors of 2032.
2, 127
What are the prime factors of 105426?
2, 3, 5857
What are the prime factors of 324?
2, 3
What are the prime factors of 31099?
137, 227
What are the prime factors of 872?
2, 109
List the prime factors of 7556.
2, 1889
List the prime factors of 48843.
3, 67
List the prime factors of 2105.
5, 421
List the prime factors of 4286.
2, 2143
List the prime factors of 23747.
23747
What are the prime factors of 65?
5, 13
List the prime factors of 716.
2, 179
List the prime factors of 470.
2, 5, 47
What are the prime factors of 101247?
3, 33749
What are the prime factors of 8810?
2, 5, 881
List the prime factors of 49241.
41, 1201
What are the prime factors of 1055?
5, 211
List the prime factors of 13640.
2, 5, 11, 31
List the prime factors of 8222.
2, 4111
What are the prime factors of 611?
13, 47
List the prime factors of 2064.
2, 3, 43
List the prime factors of 35702.
2, 17851
List the prime factors of 3899.
7, 557
What are the prime factors of 2764?
2, 691
List the prime factors of 18650.
2, 5, 373
What are the prime factors of 849?
3, 283
List the prime factors of 819.
3, 7, 13
What are the prime factors of 3375?
3, 5
What are the prime factors of 5222?
2, 7, 373
What are the prime factors of 190?
2, 5, 19
List the prime factors of 168.
2, 3, 7
What are the prime factors of 1071?
3, 7, 17
List the prime factors of 2713.
2713
List the prime factors of 5155.
5, 1031
List the prime factors of 10888.
2, 1361
What are the prime factors of 1427?
1427
List the prime factors of 3425.
5, 137
List the prime factors of 50496.
2, 3, 263
List the prime factors of 4281.
3, 1427
List the prime factors of 103744.
2, 1621
What are the prime factors of 1573?
11, 13
What are the prime factors of 73552?
2, 4597
What are the prime factors of 42353?
41, 1033
What are the prime factors of 26643?
3, 83, 107
List the prime factors of 4309.
31, 139
What are the prime factors of 40111?
40111
What are the prime factors of 34243?
11, 283
What are the prime factors of 16405?
5, 17, 193
List the prime factors of 1156.
2, 17
List the prime factors of 15360.
2, 3, 5
What are the prime factors of 80?
2, 5
What are the prime factors of 5498?
2, 2749
What are the prime factors of 807?
3, 269
What are the prime factors of 2812?
2, 19, 37
What are the prime factors of 25848?
2, 3, 359
What are the prime factors of 50014?
2, 17, 1471
List the prime factors of 4873.
11, 443
What are the prime factors of 7943?
13, 47
List the prime factors of 67505.
5, 23, 587
What are the prime factors of 66434?
2, 59, 563
List the prime factors of 83132.
2, 7, 2969
What are the prime factors of 6161?
61, 101
List the prime factors of 3617.
3617
List the prime factors of 2726.
2, 29, 47
What are the prime factors of 55128?
2, 3, 2297
List the prime factors of 62641.
37, 1693
List the prime factors of 3805.
5, 761
List the prime factors of 36710.
2, 5, 3671
What are the prime factors of 8524?
2, 2131
What are the prime factors of 844?
2, 211
What are the prime factors of 3273?
3, 1091
What are the prime factors of 1624?
2, 7, 29
List the prime factors of 2082.
2, 3, 347
What are the prime factors of 15956?
2, 3989
What are the prime factors of 2702?
2, 7, 193
What are the prime factors of 6947?
6947
List the prime factors of 10149.
3, 17, 199
What are the prime factors of 4914?
2, 3, 7, 13
List the prime factors of 14156.
2, 3539
List the prime factors of 79908.
2, 3, 6659
What are the prime factors of 8928?
2, 3, 31
What are the prime factors of 29646?
2, 3, 61
List the prime factors of 10015.
5, 2003
List the prime factors of 44331.
3, 7, 2111
List the prime factors of 70798.
2, 7, 13, 389
List the prime factors of 786.
2, 3, 131
What are the prime factors of 25448?
2, 3181
What are the prime factors of 162?
2, 3
List the prime factors of 16456.
2, 11, 17
What are the prime factors of 603?
3, 67
What are the prime factors of 11050?
2, 5, 13, 17
List the prime factors of 12656.
2, 7, 113
List the prime factors of 93.
3, 31
List the prime factors of 1570.
2, 5, 157
List the prime factors of 1587.
3, 23
What are the prime factors of 62758?
2, 31379
List the prime factors of 37837.
157, 241
List the prime factors of 25720.
2, 5, 643
What are the prime factors of 42930?
2, 3, 5, 53
What are the prime factors of 51229?
51229
List the prime factors of 8752.
2, 547
What are the prime factors of 1117?
1117
What are the prime factors of 7880?
2, 5, 197
What are the prime factors of 42619?
17, 23, 109
What are the prime factors of 2451?
3, 19, 43
List the prime factors of 7970.
2, 5, 797
List the prime factors of 2289.
3, 7, 109
List the prime factors of 1031.
1031
List the prime factors of 12636.
2, 3, 13
What are the prime factors of 2258?
2, 1129
What are the prime factors of 114051?
3, 7, 5431
What are the prime factors of 901?
17, 53
List the prime factors of 6248.
2, 11, 71
List the prime factors of 33271.
7, 97
List the prime factors of 15.
3, 5
What are the prime factors of 1413?
3, 157
List the prime factors of 394.
2, 197
List the prime factors of 2135.
5, 7, 61
What are the prime factors of 1139?
17, 67
List the prime factors of 5843.
5843
List the prime factors of 2845.
5, 569
List the prime factors of 807.
3, 269
What are the prime factors of 43?
43
What are the prime factors of 2728?
2, 11, 31
What are the prime factors of 8916?
2, 3, 743
What are the prime factors of 270?
2, 3, 5
What are the prime factors of 93704?
2, 13, 17, 53
List the prime factors of 4519.
4519
What are the prime factors of 115682?
2, 7, 8263
List the prime factors of 233.
233
What are the prime factors of 18742?
2, 9371
List the prime factors of 2221.
2221
List the prime factors of 591.
3, 197
What are the prime factors of 5289?
3, 41, 43
What are the prime factors of 336?
2, 3, 7
What are the prime factors of 1527?
3, 509
List the prime factors of 32924.
2, 8231
List the prime factors of 3623.
3623
List the prime factors of 3033.
3, 337
What are the prime factors of 868?
2, 7, 31
List the prime factors of 6408.
2, 3, 89
List the prime factors of 1889.
1889
What are the prime factors of 1119?
3, 373
List the prime factors of 274.
2, 137
List the prime factors of 653.
653
List the prime factors of 316.
2, 79
List the prime factors of 3539.
3539
List the prime factors of 14078.
2, 7039
What are the prime factors of 377?
13, 29
What are the prime factors of 981?
3, 109
List the prime factors of 136290.
2, 3, 5, 7, 11, 59
List the prime factors of 10436.
2, 2609
List the prime factors of 2621.
2621
What are the prime factors of 703?
19, 37
List the prime factors of 786.
2, 3, 131
List the prime factors of 268.
2, 67
List the prime factors of 5498.
2, 2749
What are the prime factors of 5131?
7, 733
List the prime factors of 58132.
2, 14533
What are the prime factors of 934?
2, 467
What are the prime factors of 15447?
3, 19, 271
What are the prime factors of 7418?
2, 3709
What are the prime factors of 97399?
173, 563
List the prime factors of 596.
2, 149
List the prime factors of 2144.
2, 67
What are the prime factors of 96840?
2, 3, 5, 269
What are the prime factors of 12108?
2, 3, 1009
What are the prime factors of 960?
2, 3, 5
What are the prime factors of 1221?
3, 11, 37
What are the prime factors of 1035?
3, 5, 23
What are the prime factors of 80530?
2, 5, 8053
List the prime factors of 9015.
3, 5, 601
What are the prime factors of 46393?
17, 2729
What are the prime factors of 430?
2, 5, 43
What are the prime factors of 14921?
43, 347
What are the prime factors of 8729?
7, 29, 43
What are the prime factors of 3066?
2, 3, 7, 73
What are the prime factors of 2690?
2, 5, 269
List the prime factors of 9802.
2, 13, 29
What are the prime factors of 5654?
2, 11, 257
Wha